 of 34674?
False
Is 50 a factor of 118550?
True
Is 19215371 a multiple of 29?
True
Is 17 a factor of 1391824?
True
Is 7980722 a multiple of 38?
True
Is 8866429 a multiple of 1487?
False
Is 10805492 a multiple of 13?
False
Is 332774 a multiple of 433?
False
Is 1136688 a multiple of 17?
True
Is 26034 a multiple of 15?
False
Is 3 a factor of 65407?
False
Is 121088 a multiple of 176?
True
Is 1468200 a multiple of 10?
True
Is 1533 a factor of 10973214?
True
Is 86086 even?
True
Is 449 a factor of 4045490?
True
Does 23 divide 342105?
False
Is 320024 a multiple of 669?
False
Does 4 divide 910588?
True
Does 234 divide 118638?
True
Is 445880 a multiple of 314?
True
Does 592 divide 18858752?
True
Is 894 a factor of 8815966?
False
Is 9480746 a multiple of 517?
True
Is 18516 a multiple of 7?
False
Is 17 a factor of 392666?
True
Does 456 divide 4565834?
False
Is 49 a factor of 5557237?
True
Does 118 divide 552974?
False
Is 333964 a multiple of 279?
False
Is 70 a factor of 4641070?
True
Does 9 divide 72156?
False
Is 685 a factor of 1931015?
True
Is 114 a factor of 176378?
False
Is 62337 a multiple of 20?
False
Is 651535 a multiple of 125?
False
Is 3975826 a multiple of 5?
False
Is 22 a factor of 287489?
False
Does 44 divide 995280?
True
Does 7 divide 128786?
True
Is 1006611 a multiple of 11?
False
Is 2153060 a multiple of 169?
True
Is 94 a factor of 243577?
False
Is 171746 a multiple of 12?
False
Is 411324 a multiple of 2?
True
Is 40 a factor of 1233560?
True
Is 31 a factor of 1232498?
True
Is 32 a factor of 54048?
True
Does 61 divide 9567?
False
Does 55 divide 274234?
False
Is 709725 a multiple of 5?
True
Is 12520845 a multiple of 9?
True
Is 32 a factor of 66720?
True
Is 10 a factor of 178190?
True
Is 32782437 a multiple of 30?
False
Is 89005 a multiple of 5?
True
Is 12974599 a multiple of 23?
True
Is 28 a factor of 203942?
False
Is 15 a factor of 2685185?
False
Does 9 divide 1282997?
False
Does 289 divide 11127677?
False
Is 41 a factor of 1699287?
False
Is 54 a factor of 308908?
False
Is 231 a factor of 2149401?
False
Is 352072 a multiple of 14?
True
Is 4 a factor of 330652?
True
Is 1871340 a multiple of 30?
True
Is 2427687 a multiple of 322?
False
Is 79 a factor of 2946621?
True
Does 11 divide 88660?
True
Is 81 a factor of 81263?
False
Is 83864 a multiple of 18?
False
Is 723 a factor of 4677932?
False
Is 25 a factor of 1059750?
True
Does 3 divide 137616?
True
Is 27 a factor of 3002381?
False
Is 13 a factor of 528390?
False
Is 345 a factor of 698806?
False
Is 121371 a multiple of 19?
False
Is 59364 a multiple of 239?
False
Does 19 divide 433073?
False
Is 22 a factor of 62062?
True
Is 86 a factor of 803842?
True
Does 21 divide 480963?
True
Does 4 divide 4174368?
True
Does 2 divide 187708?
True
Is 103180 a multiple of 243?
False
Is 5 a factor of 30859?
False
Is 3756293 a multiple of 482?
False
Is 41 a factor of 324187?
True
Is 9 a factor of 194670?
True
Is 4902128 a multiple of 46?
True
Is 101628 a multiple of 36?
True
Is 45 a factor of 2944618?
False
Is 88074 a multiple of 14?
True
Is 848629 a multiple of 163?
False
Is 8699 a multiple of 176?
False
Does 6 divide 344730?
True
Is 1440930 a multiple of 645?
True
Is 1304987 a multiple of 256?
False
Does 195 divide 1939968?
False
Does 39 divide 376077?
True
Does 510 divide 695998?
False
Is 230989 a multiple of 86?
False
Is 583 a factor of 2185295?
False
Is 14151673 a multiple of 67?
True
Does 189 divide 82803?
False
Is 733 a factor of 891328?
True
Does 112 divide 645935?
False
Is 466913 a multiple of 444?
False
Does 30 divide 61550?
False
Does 294 divide 664635?
False
Is 8 a factor of 140657?
False
Does 12 divide 786228?
True
Does 428 divide 662116?
True
Does 111 divide 57165?
True
Is 40 a factor of 559955?
False
Does 79 divide 144175?
True
Is 164 a factor of 40835?
False
Is 12282 a multiple of 46?
True
Is 609812 a multiple of 812?
True
Does 14 divide 1002610?
True
Is 245626 a multiple of 231?
False
Is 65 a factor of 1535113?
False
Is 5 a factor of 7275?
True
Is 8863733 a multiple of 31?
False
Is 13 a factor of 535899?
True
Is 337973 a multiple of 138?
False
Is 70 a factor of 252000?
True
Is 303711 a multiple of 201?
True
Is 144 a factor of 2347149?
False
Is 33 a factor of 1593607?
False
Is 215 a factor of 5265722?
False
Is 7082298 a multiple of 23?
True
Does 558 divide 4193707?
False
Is 1139970 a multiple of 65?
True
Is 5256360 a multiple of 248?
True
Is 15 a factor of 663150?
True
Does 458 divide 1053747?
False
Does 66 divide 234828?
True
Is 21 a factor of 9723210?
True
Is 112 a factor of 1220002?
False
Does 9 divide 777735?
True
Does 13 divide 156059?
False
Is 544 a factor of 98424?
False
Is 116 a factor of 614684?
True
Does 63 divide 63460?
False
Is 510552 a multiple of 21?
True
Is 27 a factor of 361098?
True
Is 584 a factor of 1680752?
True
Is 2492460 a multiple of 549?
True
Is 83426 a multiple of 14?
True
Does 32 divide 85632?
True
Is 12466142 a multiple of 983?
False
Does 293 divide 75594?
True
Is 18 a factor of 262206?
True
Does 59 divide 130700?
False
Is 18 a factor of 91584?
True
Is 14 a factor of 428302?
True
Does 62 divide 40362?
True
Is 10705447 a multiple of 23?
False
Does 54 divide 137700?
True
Is 5275 a multiple of 5?
True
Is 1784468 a multiple of 28?
True
Is 948 a multiple of 79?
True
Is 3929184 a multiple of 9?
True
Is 73 a factor of 19188?
False
Is 22 a factor of 739838?
True
Is 7724334 a multiple of 125?
False
Is 415200 a multiple of 50?
True
Is 231 a factor of 178332?
True
Is 33 a factor of 1333803?
False
Is 4 a factor of 944679?
False
Is 106578 a multiple of 101?
False
Is 15 a factor of 791879?
False
Does 882 divide 948150?
True
Is 23 a factor of 16629506?
True
Is 274 a factor of 1887586?
True
Is 170213 a multiple of 13?
False
Does 13 divide 1185272?
False
Is 98 a factor of 76025?
False
Is 156700 a multiple of 50?
True
Is 1454880 a multiple of 42?
True
Does 101 divide 3184397?
False
Is 319 a factor of 689477?
False
Is 920151 a multiple of 171?
True
Does 5 divide 264875?
True
Does 81 divide 677644?
False
Does 45 divide 122670?
True
Does 46 divide 353413?
False
Is 179193 a multiple of 49?
True
Is 154860 a multiple of 267?
True
Is 468 a factor of 754798?
False
Does 12 divide 825792?
True
Is 2189857 a multiple of 659?
True
Is 10 a factor of 1663200?
True
Is 292170 a multiple of 72?
False
Is 119476 a multiple of 15?
False
Is 840117 a multiple of 591?
False
Is 4215465 a multiple of 113?
True
Is 146 a factor of 44968?
True
Does 11 divide 40227?
True
Does 25 divide 257450?
True
Is 8571737 a multiple of 79?
True
Is 123714 a multiple of 27?
True
Is 742 a factor of 13112116?
False
Is 58201 a multiple of 5?
False
Does 14 divide 2864631?
False
Does 26 divide 8055034?
True
Is 263490 a multiple of 30?
True
Does 251 divide 7583212?
True
Does 6 divide 8805?
False
Is 6021 a multiple of 15?
False
Is 11 a factor of 730313?
False
Is 172633 a multiple of 102?
False
Is 58901 a multiple of 117?
False
Does 31 divide 3019905?
False
Does 6 divide 126609?
False
Is 28 a factor of 53588?
False
Is 18 a factor of 10164?
False
Is 228 a factor of 248064?
True
Does 186 divide 230964?
False
Is 46 a factor of 79212?
True
Is 39 a factor of 44031?
True
Does 464 divide 9719408?
True
Is 424654 a multiple of 23?
False
Is 7 a factor of 389252?
False
Does 444 divide 150224?
False
Does 626 divide 105168?
True
Is 251 a factor of 454744?
False
Is 218 a factor of 3184445?
False
Does 79 divide 3401266?
True
Does 1937 divide 5674613?
False
Does 102 divide 7652?
False
Is 114 a factor of 2517120?
True
Is 137 a factor of 190652?
False
Is 2062132 a multiple of 607?
False
Does 886 divide 2689080?
False
Does 27 divide 2663685?
True
Does 3 divide 426337?
False
Is 2696406 a multiple of 339?
True
Does 20 divide 12285474?
False
Is 116 a factor of 1946480?
True
Is 52 a factor of 19760?
True
Is 231936 a multiple of 3?
True
Does 542 divide 9599362?
True
Is 36 a factor of 2376242?
False
Is 13 a factor of 75020?
False
Is 10519266 a multiple of 41?
False
Does 17 divide 4549?
False
Is 13 a factor of 159367?
True
Is 221108 a multiple of 40?
False
Does 929 divide 209954?
True
Is 749074 a multiple of 15?
False
Does 17 divide 818491?
False
Does 239 divide 3613951?
False
Does 37 divide 399904?
False
Is 195769 a multiple of 92?
False
Is 8 a factor of 236327